{"id":31143,"date":"2021-02-16T17:45:32","date_gmt":"2021-02-16T15:45:32","guid":{"rendered":"https:\/\/galeriasenda.com\/shop\/27665\/"},"modified":"2026-05-01T04:36:53","modified_gmt":"2026-05-01T02:36:53","slug":"27665","status":"publish","type":"product","link":"https:\/\/galeriasenda.com\/ca\/shop\/27665\/","title":{"rendered":"Jordi Bernad\u00f3 &#8211; New York (322.1)"},"content":{"rendered":"<p>Reed Brody &#8211; Counsel And Spokesperson For Human Rights Watch &#8211; Brooklyn, United States<\/p>\n<p>El Proyecto ID es un proyecto realizado por el fot\u00f3grafo y el artista Jordi Bernad\u00f3 que se ocupa de la representaci\u00f3n p\u00fablica de excepcionales individuos que han hecho una contribuci\u00f3n extraordinaria a trav\u00e9s de su trabajo a la comunidad mundial. Los retratos en el proyecto de ID no son retratos comunes. El sujeto debe elegir un lugar significativo para ser fotografiado. Es una imagen \u00fanica, desde la distancia, con la espalda del sujeto hacia la c\u00e1mara. Es en este punto que el p\u00fablico tendr\u00e1 que confiar y creer que la persona en la imagen es en realidad quien dice que es, por lo que el escenario se convierte en una pieza esencial de informaci\u00f3n. Una vez que se establece la ubicaci\u00f3n, la sesi\u00f3n no debe tomar m\u00e1s de 30 minutos de tiempo.<\/p>\n","protected":false},"excerpt":{"rendered":"<p>Reed Brody &#8211; Counsel And Spokesperson For Human Rights Watch &#8211; Brooklyn, United States El Proyecto ID es un proyecto realizado por el fot\u00f3grafo y el artista Jordi Bernad\u00f3 que se ocupa de la representaci\u00f3n p\u00fablica de excepcionales individuos que han hecho una contribuci\u00f3n extraordinaria a trav\u00e9s de su trabajo a la comunidad mundial. Los [&hellip;]<\/p>\n","protected":false},"author":82,"featured_media":27667,"template":"","meta":[],"product_cat":[287],"product_tag":[360],"class_list":["post-31143","product","type-product","status-publish","has-post-thumbnail","hentry","product_cat-fotografia","product_tag-obres-ca"],"acf":[],"yoast_head":"<!-- This site is optimized with the Yoast SEO plugin v18.4.1 - https:\/\/yoast.com\/wordpress\/plugins\/seo\/ -->\n<title>Jordi Bernad\u00f3 - New York (322.1) &ndash; Galeria Senda<\/title>\n<meta name=\"robots\" content=\"index, follow, max-snippet:-1, max-image-preview:large, max-video-preview:-1\" \/>\n<link rel=\"canonical\" href=\"https:\/\/galeriasenda.com\/ca\/shop\/27665\/\" \/>\n<meta property=\"og:locale\" content=\"ca_ES\" \/>\n<meta property=\"og:type\" content=\"article\" \/>\n<meta property=\"og:title\" content=\"Jordi Bernad\u00f3 - New York (322.1) &ndash; Galeria Senda\" \/>\n<meta property=\"og:description\" content=\"Reed Brody &#8211; Counsel And Spokesperson For Human Rights Watch &#8211; Brooklyn, United States El Proyecto ID es un proyecto realizado por el fot\u00f3grafo y el artista Jordi Bernad\u00f3 que se ocupa de la representaci\u00f3n p\u00fablica de excepcionales individuos que han hecho una contribuci\u00f3n extraordinaria a trav\u00e9s de su trabajo a la comunidad mundial. Los [&hellip;]\" \/>\n<meta property=\"og:url\" content=\"https:\/\/galeriasenda.com\/ca\/shop\/27665\/\" \/>\n<meta property=\"og:site_name\" content=\"Galeria Senda\" \/>\n<meta property=\"article:publisher\" content=\"https:\/\/www.facebook.com\/galeriasenda\" \/>\n<meta property=\"article:modified_time\" content=\"2026-05-01T02:36:53+00:00\" \/>\n<meta property=\"og:image\" content=\"https:\/\/galeriasenda.com\/wp-content\/uploads\/2021\/02\/New_York_US_322.1.jpg\" \/>\n\t<meta property=\"og:image:width\" content=\"2560\" \/>\n\t<meta property=\"og:image:height\" content=\"1921\" \/>\n\t<meta property=\"og:image:type\" content=\"image\/jpeg\" \/>\n<meta name=\"twitter:card\" content=\"summary_large_image\" \/>\n<meta name=\"twitter:site\" content=\"@galeriasenda\" \/>\n<meta name=\"twitter:label1\" content=\"Temps estimat de lectura\" \/>\n\t<meta name=\"twitter:data1\" content=\"1 minut\" \/>\n<script type=\"application\/ld+json\" class=\"yoast-schema-graph\">{\"@context\":\"https:\/\/schema.org\",\"@graph\":[{\"@type\":\"Organization\",\"@id\":\"https:\/\/galeriasenda.com\/#organization\",\"name\":\"galeria SENDA\",\"url\":\"https:\/\/galeriasenda.com\/\",\"sameAs\":[\"https:\/\/www.facebook.com\/galeriasenda\",\"https:\/\/instagram.com\/galeriasenda\/\",\"https:\/\/es.linkedin.com\/company\/galeria-senda\",\"https:\/\/www.youtube.com\/channel\/UC-qz5xPOEq-QSm1a8kC-QPA\",\"https:\/\/twitter.com\/galeriasenda\"],\"logo\":{\"@type\":\"ImageObject\",\"@id\":\"https:\/\/galeriasenda.com\/#logo\",\"inLanguage\":\"ca\",\"url\":\"https:\/\/galeriasenda.com\/wp-content\/uploads\/2019\/04\/logo-senda-.png\",\"contentUrl\":\"https:\/\/galeriasenda.com\/wp-content\/uploads\/2019\/04\/logo-senda-.png\",\"width\":599,\"height\":314,\"caption\":\"galeria SENDA\"},\"image\":{\"@id\":\"https:\/\/galeriasenda.com\/#logo\"}},{\"@type\":\"WebSite\",\"@id\":\"https:\/\/galeriasenda.com\/#website\",\"url\":\"https:\/\/galeriasenda.com\/\",\"name\":\"Galeria Senda\",\"description\":\"Galeria d'art i productora d'art contemporani de Barcelona\",\"publisher\":{\"@id\":\"https:\/\/galeriasenda.com\/#organization\"},\"potentialAction\":[{\"@type\":\"SearchAction\",\"target\":{\"@type\":\"EntryPoint\",\"urlTemplate\":\"https:\/\/galeriasenda.com\/?s={search_term_string}\"},\"query-input\":\"required name=search_term_string\"}],\"inLanguage\":\"ca\"},{\"@type\":\"ImageObject\",\"@id\":\"https:\/\/galeriasenda.com\/ca\/shop\/27665\/#primaryimage\",\"inLanguage\":\"ca\",\"url\":\"https:\/\/galeriasenda.com\/wp-content\/uploads\/2021\/02\/New_York_US_322.1.jpg\",\"contentUrl\":\"https:\/\/galeriasenda.com\/wp-content\/uploads\/2021\/02\/New_York_US_322.1.jpg\",\"width\":2560,\"height\":1921,\"caption\":\"2018,\"},{\"@type\":\"WebPage\",\"@id\":\"https:\/\/galeriasenda.com\/ca\/shop\/27665\/#webpage\",\"url\":\"https:\/\/galeriasenda.com\/ca\/shop\/27665\/\",\"name\":\"Jordi Bernad\u00f3 - New York (322.1) &ndash; Galeria Senda\",\"isPartOf\":{\"@id\":\"https:\/\/galeriasenda.com\/#website\"},\"primaryImageOfPage\":{\"@id\":\"https:\/\/galeriasenda.com\/ca\/shop\/27665\/#primaryimage\"},\"datePublished\":\"2021-02-16T15:45:32+00:00\",\"dateModified\":\"2026-05-01T02:36:53+00:00\",\"breadcrumb\":{\"@id\":\"https:\/\/galeriasenda.com\/ca\/shop\/27665\/#breadcrumb\"},\"inLanguage\":\"ca\",\"potentialAction\":[{\"@type\":\"ReadAction\",\"target\":[\"https:\/\/galeriasenda.com\/ca\/shop\/27665\/\"]}]},{\"@type\":\"BreadcrumbList\",\"@id\":\"https:\/\/galeriasenda.com\/ca\/shop\/27665\/#breadcrumb\",\"itemListElement\":[{\"@type\":\"ListItem\",\"position\":1,\"name\":\"Portada\",\"item\":\"https:\/\/galeriasenda.com\/ca\/\"},{\"@type\":\"ListItem\",\"position\":2,\"name\":\"Jordi Bernad\u00f3 &#8211; New York (322.1)\"}]}]}<\/script>\n<!-- \/ Yoast SEO plugin. -->","yoast_head_json":{"title":"Jordi Bernad\u00f3 - New York (322.1) &ndash; Galeria Senda","robots":{"index":"index","follow":"follow","max-snippet":"max-snippet:-1","max-image-preview":"max-image-preview:large","max-video-preview":"max-video-preview:-1"},"canonical":"https:\/\/galeriasenda.com\/ca\/shop\/27665\/","og_locale":"ca_ES","og_type":"article","og_title":"Jordi Bernad\u00f3 - New York (322.1) &ndash; Galeria Senda","og_description":"Reed Brody &#8211; Counsel And Spokesperson For Human Rights Watch &#8211; Brooklyn, United States El Proyecto ID es un proyecto realizado por el fot\u00f3grafo y el artista Jordi Bernad\u00f3 que se ocupa de la representaci\u00f3n p\u00fablica de excepcionales individuos que han hecho una contribuci\u00f3n extraordinaria a trav\u00e9s de su trabajo a la comunidad mundial. Los [&hellip;]","og_url":"https:\/\/galeriasenda.com\/ca\/shop\/27665\/","og_site_name":"Galeria Senda","article_publisher":"https:\/\/www.facebook.com\/galeriasenda","article_modified_time":"2026-05-01T02:36:53+00:00","og_image":[{"width":2560,"height":1921,"url":"https:\/\/galeriasenda.com\/wp-content\/uploads\/2021\/02\/New_York_US_322.1.jpg","type":"image\/jpeg"}],"twitter_card":"summary_large_image","twitter_site":"@galeriasenda","twitter_misc":{"Temps estimat de lectura":"1 minut"},"schema":{"@context":"https:\/\/schema.org","@graph":[{"@type":"Organization","@id":"https:\/\/galeriasenda.com\/#organization","name":"galeria SENDA","url":"https:\/\/galeriasenda.com\/","sameAs":["https:\/\/www.facebook.com\/galeriasenda","https:\/\/instagram.com\/galeriasenda\/","https:\/\/es.linkedin.com\/company\/galeria-senda","https:\/\/www.youtube.com\/channel\/UC-qz5xPOEq-QSm1a8kC-QPA","https:\/\/twitter.com\/galeriasenda"],"logo":{"@type":"ImageObject","@id":"https:\/\/galeriasenda.com\/#logo","inLanguage":"ca","url":"https:\/\/galeriasenda.com\/wp-content\/uploads\/2019\/04\/logo-senda-.png","contentUrl":"https:\/\/galeriasenda.com\/wp-content\/uploads\/2019\/04\/logo-senda-.png","width":599,"height":314,"caption":"galeria SENDA"},"image":{"@id":"https:\/\/galeriasenda.com\/#logo"}},{"@type":"WebSite","@id":"https:\/\/galeriasenda.com\/#website","url":"https:\/\/galeriasenda.com\/","name":"Galeria Senda","description":"Galeria d'art i productora d'art contemporani de Barcelona","publisher":{"@id":"https:\/\/galeriasenda.com\/#organization"},"potentialAction":[{"@type":"SearchAction","target":{"@type":"EntryPoint","urlTemplate":"https:\/\/galeriasenda.com\/?s={search_term_string}"},"query-input":"required name=search_term_string"}],"inLanguage":"ca"},{"@type":"ImageObject","@id":"https:\/\/galeriasenda.com\/ca\/shop\/27665\/#primaryimage","inLanguage":"ca","url":"https:\/\/galeriasenda.com\/wp-content\/uploads\/2021\/02\/New_York_US_322.1.jpg","contentUrl":"https:\/\/galeriasenda.com\/wp-content\/uploads\/2021\/02\/New_York_US_322.1.jpg","width":2560,"height":1921,"caption":"2018,"},{"@type":"WebPage","@id":"https:\/\/galeriasenda.com\/ca\/shop\/27665\/#webpage","url":"https:\/\/galeriasenda.com\/ca\/shop\/27665\/","name":"Jordi Bernad\u00f3 - New York (322.1) &ndash; Galeria Senda","isPartOf":{"@id":"https:\/\/galeriasenda.com\/#website"},"primaryImageOfPage":{"@id":"https:\/\/galeriasenda.com\/ca\/shop\/27665\/#primaryimage"},"datePublished":"2021-02-16T15:45:32+00:00","dateModified":"2026-05-01T02:36:53+00:00","breadcrumb":{"@id":"https:\/\/galeriasenda.com\/ca\/shop\/27665\/#breadcrumb"},"inLanguage":"ca","potentialAction":[{"@type":"ReadAction","target":["https:\/\/galeriasenda.com\/ca\/shop\/27665\/"]}]},{"@type":"BreadcrumbList","@id":"https:\/\/galeriasenda.com\/ca\/shop\/27665\/#breadcrumb","itemListElement":[{"@type":"ListItem","position":1,"name":"Portada","item":"https:\/\/galeriasenda.com\/ca\/"},{"@type":"ListItem","position":2,"name":"Jordi Bernad\u00f3 &#8211; New York (322.1)"}]}]}},"_links":{"self":[{"href":"https:\/\/galeriasenda.com\/ca\/wp-json\/wp\/v2\/product\/31143","targetHints":{"allow":["GET"]}}],"collection":[{"href":"https:\/\/galeriasenda.com\/ca\/wp-json\/wp\/v2\/product"}],"about":[{"href":"https:\/\/galeriasenda.com\/ca\/wp-json\/wp\/v2\/types\/product"}],"author":[{"embeddable":true,"href":"https:\/\/galeriasenda.com\/ca\/wp-json\/wp\/v2\/users\/82"}],"wp:featuredmedia":[{"embeddable":true,"href":"https:\/\/galeriasenda.com\/ca\/wp-json\/wp\/v2\/media\/27667"}],"wp:attachment":[{"href":"https:\/\/galeriasenda.com\/ca\/wp-json\/wp\/v2\/media?parent=31143"}],"wp:term":[{"taxonomy":"product_cat","embeddable":true,"href":"https:\/\/galeriasenda.com\/ca\/wp-json\/wp\/v2\/product_cat?post=31143"},{"taxonomy":"product_tag","embeddable":true,"href":"https:\/\/galeriasenda.com\/ca\/wp-json\/wp\/v2\/product_tag?post=31143"}],"curies":[{"name":"wp","href":"https:\/\/api.w.org\/{rel}","templated":true}]}}

Jordi Bernadó &#8211; New York (322.1)

<p>Reed Brody &#8211; Counsel And Spokesperson For Human Rights Watch &#8211; Brooklyn, United States</p>
<p>El Proyecto ID es un proyecto realizado por el fotógrafo y el artista Jordi Bernadó que se ocupa de la representación pública de excepcionales individuos que han hecho una contribución extraordinaria a través de su trabajo a la comunidad mundial. Los retratos en el proyecto de ID no son retratos comunes. El sujeto debe elegir un lugar significativo para ser fotografiado. Es una imagen única, desde la distancia, con la espalda del sujeto hacia la cámara. Es en este punto que el público tendrá que confiar y creer que la persona en la imagen es en realidad quien dice que es, por lo que el escenario se convierte en una pieza esencial de información. Una vez que se establece la ubicación, la sesión no debe tomar más de 30 minutos de tiempo.</p>

<p>Reed Brody &#8211; Counsel And Spokesperson For Human Rights Watch &#8211; Brooklyn, United States El Proyecto ID es un proyecto realizado por el fotógrafo y el artista Jordi Bernadó que se ocupa de la representación pública de excepcionales individuos que han hecho una contribución extraordinaria a través de su trabajo a la comunidad mundial. Los [&hellip;]</p>

<!-- This site is optimized with the Yoast SEO plugin v18.4.1 - https://yoast.com/wordpress/plugins/seo/ -->
<title>Jordi Bernadó - New York (322.1) &ndash; Galeria Senda</title>
<meta name="robots" content="index, follow, max-snippet:-1, max-image-preview:large, max-video-preview:-1" />
<link rel="canonical" href="https://galeriasenda.com/ca/shop/27665/" />
<meta property="og:locale" content="ca_ES" />
<meta property="og:type" content="article" />
<meta property="og:title" content="Jordi Bernadó - New York (322.1) &ndash; Galeria Senda" />
<meta property="og:description" content="Reed Brody &#8211; Counsel And Spokesperson For Human Rights Watch &#8211; Brooklyn, United States El Proyecto ID es un proyecto realizado por el fotógrafo y el artista Jordi Bernadó que se ocupa de la representación pública de excepcionales individuos que han hecho una contribución extraordinaria a través de su trabajo a la comunidad mundial. Los [&hellip;]" />
<meta property="og:url" content="https://galeriasenda.com/ca/shop/27665/" />
<meta property="og:site_name" content="Galeria Senda" />
<meta property="article:publisher" content="https://www.facebook.com/galeriasenda" />
<meta property="article:modified_time" content="2026-05-01T02:36:53+00:00" />
<meta property="og:image" content="https://galeriasenda.com/wp-content/uploads/2021/02/New_York_US_322.1.jpg" />
	<meta property="og:image:width" content="2560" />
	<meta property="og:image:height" content="1921" />
	<meta property="og:image:type" content="image/jpeg" />
<meta name="twitter:card" content="summary_large_image" />
<meta name="twitter:site" content="@galeriasenda" />
<meta name="twitter:label1" content="Temps estimat de lectura" />
	<meta name="twitter:data1" content="1 minut" />
<script type="application/ld+json" class="yoast-schema-graph">{"@context":"https://schema.org","@graph":[{"@type":"Organization","@id":"https://galeriasenda.com/#organization","name":"galeria SENDA","url":"https://galeriasenda.com/","sameAs":["https://www.facebook.com/galeriasenda","https://instagram.com/galeriasenda/","https://es.linkedin.com/company/galeria-senda","https://www.youtube.com/channel/UC-qz5xPOEq-QSm1a8kC-QPA","https://twitter.com/galeriasenda"],"logo":{"@type":"ImageObject","@id":"https://galeriasenda.com/#logo","inLanguage":"ca","url":"https://galeriasenda.com/wp-content/uploads/2019/04/logo-senda-.png","contentUrl":"https://galeriasenda.com/wp-content/uploads/2019/04/logo-senda-.png","width":599,"height":314,"caption":"galeria SENDA"},"image":{"@id":"https://galeriasenda.com/#logo"}},{"@type":"WebSite","@id":"https://galeriasenda.com/#website","url":"https://galeriasenda.com/","name":"Galeria Senda","description":"Galeria d'art i productora d'art contemporani de Barcelona","publisher":{"@id":"https://galeriasenda.com/#organization"},"potentialAction":[{"@type":"SearchAction","target":{"@type":"EntryPoint","urlTemplate":"https://galeriasenda.com/?s={search_term_string}"},"query-input":"required name=search_term_string"}],"inLanguage":"ca"},{"@type":"ImageObject","@id":"https://galeriasenda.com/ca/shop/27665/#primaryimage","inLanguage":"ca","url":"https://galeriasenda.com/wp-content/uploads/2021/02/New_York_US_322.1.jpg","contentUrl":"https://galeriasenda.com/wp-content/uploads/2021/02/New_York_US_322.1.jpg","width":2560,"height":1921,"caption":"2018,"},{"@type":"WebPage","@id":"https://galeriasenda.com/ca/shop/27665/#webpage","url":"https://galeriasenda.com/ca/shop/27665/","name":"Jordi Bernadó - New York (322.1) &ndash; Galeria Senda","isPartOf":{"@id":"https://galeriasenda.com/#website"},"primaryImageOfPage":{"@id":"https://galeriasenda.com/ca/shop/27665/#primaryimage"},"datePublished":"2021-02-16T15:45:32+00:00","dateModified":"2026-05-01T02:36:53+00:00","breadcrumb":{"@id":"https://galeriasenda.com/ca/shop/27665/#breadcrumb"},"inLanguage":"ca","potentialAction":[{"@type":"ReadAction","target":["https://galeriasenda.com/ca/shop/27665/"]}]},{"@type":"BreadcrumbList","@id":"https://galeriasenda.com/ca/shop/27665/#breadcrumb","itemListElement":[{"@type":"ListItem","position":1,"name":"Portada","item":"https://galeriasenda.com/ca/"},{"@type":"ListItem","position":2,"name":"Jordi Bernadó &#8211; New York (322.1)"}]}]}</script>
<!-- / Yoast SEO plugin. -->

Jordi Bernadó - New York (322.1) &ndash; Galeria Senda

Reed Brody &#8211; Counsel And Spokesperson For Human Rights Watch &#8211; Brooklyn, United States El Proyecto ID es un proyecto realizado por el fotógrafo y el artista Jordi Bernadó que se ocupa de la representación pública de excepcionales individuos que han hecho una contribución extraordinaria a través de su trabajo a la comunidad mundial. Los [&hellip;]
